at is 521 - 3?
514
In base 9, what is 150 - -5?
155
In base 3, what is -121 - 10201?
-11022
In base 9, what is 7 - 8?
-1
In base 12, what is -1 - a?
-b
In base 15, what is 13 + 94?
a7
In base 4, what is 0 + -223?
-223
In base 11, what is -46a - -16?
-454
In base 15, what is 43 - 30?
13
In base 12, what is -395b + -1?
-3960
In base 13, what is 443 + 4?
447
In base 11, what is 0 - -2a4?
2a4
In base 12, what is -5 + 16?
11
In base 5, what is 133 + -2?
131
In base 3, what is 1110120 + -21?
1110022
In base 16, what is 0 - 16a?
-16a
In base 15, what is 136 - -5?
13b
In base 16, what is 5bc6 - 4?
5bc2
In base 13, what is -3 + 998?
995
In base 5, what is 103 - -131?
234
In base 4, what is -3013 + -1?
-3020
In base 7, what is -21 + 26?
5
In base 11, what is 26 + -3?
23
In base 16, what is -7cd - 5?
-7d2
In base 15, what is -4 - 0?
-4
In base 14, what is 5 + -ad4?
-acd
In base 2, what is 100 + 10110001000?
10110001100
In base 6, what is -3 + -2014?
-2021
In base 15, what is 14 - -30?
44
In base 3, what is -112 + -1221?
-2110
In base 12, what is 66 + 5?
6b
In base 5, what is 102 - 114?
-12
In base 9, what is 2137 + -1?
2136
In base 13, what is 42 + -2c?
13
In base 16, what is 2 - -607?
609
In base 10, what is 23 + 14?
37
In base 15, what is -6 - 119?
-120
In base 16, what is -244 + 3?
-241
In base 12, what is -117 + 12?
-105
In base 10, what is -99 - 5?
-104
In base 9, what is 1012 - 5?
1006
In base 10, what is 8 + 35?
43
In base 15, what is 5 + 6c7?
6cc
In base 15, what is -3 + 604?
601
In base 2, what is 101 - 101111110000?
-101111101011
In base 13, what is -23 - -5c?
39
In base 16, what is -8ba - 2?
-8bc
In base 9, what is -4 - -272?
267
In base 15, what is 16 + -20?
-9
In base 7, what is 3 + -3405?
-3402
In base 6, what is 1 - -525?
530
In base 2, what is 1010000000 + -11?
1001111101
In base 12, what is 2 + 0?
2
In base 4, what is 310 - -3?
313
In base 11, what is 1519 + -4?
1515
In base 4, what is -33321 - 0?
-33321
In base 11, what is 0 - -136?
136
In base 15, what is 5 - -55a?
560
In base 13, what is 5 + -b35?
-b30
In base 14, what is 85d + 0?
85d
In base 5, what is 4131 + 4?
4140
In base 13, what is -2 + 207?
205
In base 16, what is -12 + 19?
7
In base 6, what is 12 - 0?
12
In base 11, what is -2 - 657?
-659
In base 7, what is -31306 - 2?
-31311
In base 6, what is -253 + -142?
-435
In base 14, what is 2a + -2?
28
In base 9, what is -3403 + 1?
-3402
In base 9, what is 5 + -50?
-44
In base 11, what is 3 - -68?
70
In base 14, what is 27 + 12?
39
In base 7, what is -1 + 40?
36
In base 3, what is 212 - 12112?
-11200
In base 8, what is -22 + -13?
-35
In base 11, what is -39 - -2?
-37
In base 13, what is 5 + 24?
29
In base 2, what is -10 + -100100?
-100110
In base 5, what is -3 + -112?
-120
In base 14, what is b - 2c?
-21
In base 12, what is 4 + -398?
-394
In base 9, what is 40 - 14?
25
In base 11, what is -64 - -47?
-18
In base 12, what is 95 + 1?
96
In base 6, what is -550 - -15?
-531
In base 10, what is -44 + 18?
-26
In base 8, what is -2 - 3?
-5
In base 10, what is -19 + -2?
-21
In base 6, what is -5541 - 5?
-5550
In base 14, what is 2166 + 3?
2169
In base 3, what is 10 + -10?
0
In base 14, what is 12 - 3?
d
In base 12, what is -11 + -147?
-158
In base 10, what is 27 + 3?
30
In base 12, what is 4b - -11?
60
In base 4, what is 11 - -122101?
122112
In base 15, what is 5 - c53?
-c4d
In base 3, what is -220212 + 11?
-220201
In base 6, what is 1 - 15012?
-15011
In base 8, what is -143 - 5?
-150
In base 7, what is 2 + -42?
-40
In base 7, what is 440413 - -3?
440416
In base 8, what is -341 - 1?
-342
In base 7, what is 2466 + 12?
2511
In base 13, what is 98 - -1?
99
In base 2, what is 10011001 - 100?
10010101
In base 11, what is 61 - -5?
66
In base 7, what is -32 + 2?
-30
In base 9, what is 4 + -148?
-144
In base 9, what is -647 + 1?
-646
In base 4, what is 20 - -233?
313
In base 4, what is -213 - -113?
-100
In base 3, what is 100010 + 111?
100121
In base 5, what is 33 + 2000?
2033
In base 12, what is 4 + -98?
-94
In base 15, what is 2 + -38?
-36
In base 7, what is -5 + 3166?
3161
In base 10, what is -90 - -46?
-44
In base 10, what is -191 - 5?
-196
In base 11, what is -32a2 + -9?
-3300
In base 15, what is d2 - 2?
d0
In base 7, what is 6 - 1641?
-1632
In base 13, what is 4b3 + 3?
4b6
In base 11, what is 0 - 111?
-111
In base 3, what is 2102001 - 11?
2101220
In base 8, what is -3 - 1564?
-1567
In base 13, what is 73 + -5?
6b
In base 2, what is -101 + 1000001?
111100
In base 7, what is 4 - -15352?
15356
In base 5, what is -11 + -204?
-220
In base 14, what is 3 - -2cc?
2d1
In base 14, what is -135 + -4?
-139
In base 11, what is -3 + -487?
-48a
In base 9, what is 8 - -55?
64
In base 3, what is 1011002110 + -1?
1011002102
In base 15, what is -18 - -19?
1
In base 4, what is -103 - -32?
-11
In base 6, what is -123 - -20?
-103
In base 5, what is -4 - 412?
-421
In base 6, what is 10410 + -5?
10401
In base 11, what is -1 + -40?
-41
In base 7, what is 5656 + -2?
5654
In base 14, what is 109 - -63?
16c
In base 4, what is 2 - 12001?
-11333
In base 7, what is -44 - -63?
16
In base 12, what is -8 - -1a7?
19b
In base 8, what is -1012 + 4?
-1006
In base 4, what is -2 + 12301?
12233
In base 5, what is 10 + 12241?
12301
In base 14, what is 0 + 5d?
5d
In base 3, what is 12 + 1202?
1221
In base 3, what is 0 + 101202?
101202
In base 3, what is -201 + -100?
-1001
In base 7, what is 200 + 1?
201
In base 16, what is -2 - -f0c?
f0a
In base 8, what is 36 + 10?
46
In base 15, what is d + -133?
-125
In base 2, what is -10000110011 - -10?
-10000110001
In base 7, what is -3 + 5?
2
In base 14, what is -1 - 157?
-158
In base 15, what is -16 - -4?
-12
In base 5, what is 1020 - 10?
1010
In base 11, what is 83 - -4?
87
In base 8, what is -130 - -24?
-104
In base 2, what is 10 + -11111100?
-11111010
In base 10, what is 3 + -1702?
-1699
In base 2, what is -101 - 10000010?
-10000111
In base 4, what is -213 + -12203?
-13022
In base 4, what is -3 + -31?
-100
In base 16, what is 19 + -2?
17
In base 8, what is -2 - 670?
-672
In base 13, what is 4 - 13?
-c
In base 9, what is 330 - 34?
285
In base 13, what is 2 + 117?
119
In base 9, what is 26430 + 1?
26431
In base 16, what is -446 - -4?
-442
In base 13, what is -46 - 6?
-4c
In base 3, what is -1002021111 - -10?
-1002021101
In base 10, what is -562 + -3?
-565
In base 15, what is -7e + 5?
-79
In base 9, what is -7 + -150?
-157
In base 6, what is -125 + 113?
-12
In base 16, what is -1 - -12c6?
12c5
In base 4, what is 320102 - -3?
320111
In base 3, what is -120200201 + 0?
-120200201
In base 6, what is -223 - 5?
-232
In base 14, what is -1 - 2c0?
-2c1
In base 9, what is -2 + 42?
40
In base 2, what is -1010 - -11001101?
11000011
In base 6, what is -4 - 31052?
-31100
In base 10, what is -28 - 13?
-41
In base 14, what is 1 + -aa2?
-aa1
In base 7, what is 10 - -10?
20
In base 2, what is -11011 + -11100110?
-100000001
In base 12, what is -2 - -36?
34
In base 5, what is -2 + -12?
-14
In base 4, what is -23020 + -11?
-23031
In base 14, what is 13 + 14b?
160
In base 5, what is 4 - -332?
341
In base 6, what is 42 - -414?
500
In base 16, what is -1 + -5?
-6
In base 6, what is -5 + 2413?
2404
In base 4, what is -213 - 101?
-320
In base 4, what is 33000 - -32?
33032
In base 10, what is 6 - -33?
39
In base 9, what is 2 + 1?
3
In base 3, what is 10 - 121221?
-121211
In base 13, what is 2b + 19?
47
In base 2, what is 10000011011 - 11?
10000011000
In base 11, what is 213 + 2?
215
In base 2, what is 11 - 101111?
-101100
In base 12, what is 4 + 115?
119
In base 11, what is 0 - 34?
-34
In base 5, what is 4 + -114?
-110
In base 16, what is -8 - -10?
8
In base 2, what is 100 + 101100?
110000
In base 6, what is 0 - -11222?
11222
In base 8, what is 3 - -2?
5
In base 3, what is -11 + -20?
-101
In base 15, what is 128 + -2?
126
In base 13, what is 66 + -1?
65
In base 2, what is -11 - -1110100?
1110001
In base 2, what is 10 + 1011010011110?
1011010100000
In base 11, what is 3 - -16?
19
In base 8, what is 16 - 324?
-306
In base 2, what is -1 - 10001011101?
-10001011110
In base 10, what is 5 - 34?
-29
In base 3, what is 20 + -100?
-10
In base 5, what is -21 + -1131?
-1202
In base 12, what is -4 - 105?
-109
In base 8, what is -4 - 453?
-457
In base 10, what is -106 + -148?
-254
